?
2, 5, 4441
What are the prime factors of 260138?
2, 130069
List the prime factors of 61087.
13, 37, 127
What are the prime factors of 1041010?
2, 5, 19, 5479
List the prime factors of 208838.
2, 7, 2131
List the prime factors of 71004.
2, 3, 61, 97
What are the prime factors of 1241792?
2, 19403
What are the prime factors of 1266105?
3, 5, 84407
List the prime factors of 21659001.
3, 7, 13, 79337
List the prime factors of 1941275.
5, 7, 11093
List the prime factors of 21206109.
3, 19, 372037
What are the prime factors of 109519?
109519
What are the prime factors of 503201?
137, 3673
What are the prime factors of 26584538?
2, 13292269
List the prime factors of 3869553.
3, 1289851
What are the prime factors of 1818693?
3, 22453
List the prime factors of 4838340.
2, 3, 5, 13, 6203
List the prime factors of 133976.
2, 16747
What are the prime factors of 600150?
2, 3, 5, 4001
What are the prime factors of 9915296?
2, 309853
What are the prime factors of 35043042?
2, 3, 5840507
What are the prime factors of 1510269?
3, 503423
List the prime factors of 12065486.
2, 6032743
What are the prime factors of 1489216?
2, 23269
What are the prime factors of 788894?
2, 79, 4993
List the prime factors of 14232532.
2, 3558133
What are the prime factors of 189735?
3, 5, 7, 13, 139
List the prime factors of 23463434.
2, 17, 47, 14683
What are the prime factors of 519941?
29, 17929
List the prime factors of 2100794.
2, 73, 14389
What are the prime factors of 547841?
7, 61, 1283
What are the prime factors of 31616933?
31616933
What are the prime factors of 1410987?
3, 47, 10007
List the prime factors of 764526.
2, 3, 7, 109, 167
What are the prime factors of 957942?
2, 3, 19, 2801
What are the prime factors of 1587787?
1587787
What are the prime factors of 3848665?
5, 769733
What are the prime factors of 906186?
2, 3, 19, 7949
List the prime factors of 6385853.
6385853
What are the prime factors of 35441?
7, 61, 83
What are the prime factors of 2056889?
179, 11491
List the prime factors of 302410.
2, 5, 30241
List the prime factors of 1021824.
2, 3, 887
What are the prime factors of 370868?
2, 92717
What are the prime factors of 16438403?
59, 278617
What are the prime factors of 12276678?
2, 3, 67, 30539
List the prime factors of 2527664.
2, 239, 661
List the prime factors of 32544335.
5, 43, 229, 661
What are the prime factors of 3183301?
11, 17, 29, 587
What are the prime factors of 2693867?
11, 244897
What are the prime factors of 1852914?
2, 3, 7, 157, 281
List the prime factors of 28711404.
2, 3, 797539
What are the prime factors of 8297790?
2, 3, 5, 276593
List the prime factors of 7485052.
2, 1871263
What are the prime factors of 1515086?
2, 757543
List the prime factors of 49990.
2, 5, 4999
List the prime factors of 975752.
2, 23, 5303
What are the prime factors of 21814060?
2, 5, 17, 83, 773
List the prime factors of 22318514.
2, 41, 47, 5791
What are the prime factors of 406804?
2, 101701
What are the prime factors of 101373?
3, 33791
List the prime factors of 6691425.
3, 5, 13, 6863
List the prime factors of 63595.
5, 7, 23, 79
List the prime factors of 1235258.
2, 71, 8699
What are the prime factors of 479035?
5, 149, 643
What are the prime factors of 13600384?
2, 7, 43, 353
List the prime factors of 547689.
3, 17, 10739
What are the prime factors of 7319714?
2, 1123, 3259
What are the prime factors of 186380?
2, 5, 9319
What are the prime factors of 20395089?
3, 11, 13, 23, 53
What are the prime factors of 385689?
3, 128563
List the prime factors of 198218.
2, 99109
What are the prime factors of 153724?
2, 38431
List the prime factors of 3617451.
3, 401939
List the prime factors of 924600.
2, 3, 5, 23, 67
List the prime factors of 776606.
2, 19, 107, 191
What are the prime factors of 1404647?
61, 23027
What are the prime factors of 34421486?
2, 11, 53, 557
What are the prime factors of 17407056?
2, 3, 193, 1879
What are the prime factors of 126612?
2, 3, 3517
List the prime factors of 2404690.
2, 5, 191, 1259
List the prime factors of 8777401.
29, 293, 1033
List the prime factors of 497331.
3, 55259
What are the prime factors of 2999989?
1229, 2441
List the prime factors of 10719956.
2, 13, 206153
What are the prime factors of 107810?
2, 5, 10781
List the prime factors of 366082.
2, 183041
List the prime factors of 8646407.
7, 11, 112291
What are the prime factors of 7986894?
2, 3, 37, 35977
List the prime factors of 3133828.
2, 101, 7757
What are the prime factors of 1032227?
7, 167, 883
What are the prime factors of 8953115?
5, 1790623
List the prime factors of 1965228.
2, 3, 389, 421
What are the prime factors of 4015876?
2, 17, 73, 809
What are the prime factors of 6907267?
577, 11971
List the prime factors of 51394.
2, 7, 3671
What are the prime factors of 1542043?
1542043
List the prime factors of 14944136.
2, 1868017
List the prime factors of 97067.
113, 859
What are the prime factors of 1377324?
2, 3, 13, 109
List the prime factors of 51952.
2, 17, 191
What are the prime factors of 2480750?
2, 5, 9923
List the prime factors of 150443.
23, 31, 211
What are the prime factors of 695058?
2, 3, 7, 13, 19, 67
What are the prime factors of 3186443?
13, 23, 10657
What are the prime factors of 3640315?
5, 7, 104009
List the prime factors of 7447386.
2, 3, 1051, 1181
List the prime factors of 520447.
520447
List the prime factors of 42270.
2, 3, 5, 1409
What are the prime factors of 10961781?
3, 137, 149, 179
List the prime factors of 106847.
13, 8219
What are the prime factors of 964569?
3, 29, 11087
What are the prime factors of 2627615?
5, 149, 3527
List the prime factors of 220257.
3, 24473
List the prime factors of 179965.
5, 35993
What are the prime factors of 5849440?
2, 5, 36559
What are the prime factors of 133584?
2, 3, 11, 23
List the prime factors of 1552485.
3, 5, 11, 97
What are the prime factors of 3834380?
2, 5, 11, 29, 601
What are the prime factors of 227481?
3, 191, 397
What are the prime factors of 12422557?
7, 409, 4339
What are the prime factors of 925386?
2, 3, 7, 11, 2003
List the prime factors of 576255.
3, 5, 41, 937
List the prime factors of 9225398.
2, 7, 13, 173, 293
What are the prime factors of 44052?
2, 3, 3671
List the prime factors of 5048886.
2, 3, 53, 15877
What are the prime factors of 23083130?
2, 5, 7, 29, 83, 137
What are the prime factors of 18153436?
2, 7, 19, 34123
List the prime factors of 301928.
2, 11, 47, 73
List the prime factors of 2987717.
131, 22807
What are the prime factors of 307279?
7, 6271
List the prime factors of 2597909.
2597909
What are the prime factors of 44781?
3, 11, 23, 59
List the prime factors of 274155.
3, 5, 7, 373
List the prime factors of 1123000.
2, 5, 1123
What are the prime factors of 52994?
2, 26497
List the prime factors of 34982291.
31, 547, 2063
List the prime factors of 3036446.
2, 7, 107, 2027
List the prime factors of 100936.
2, 11, 31, 37
List the prime factors of 2089987.
23, 89, 1021
List the prime factors of 901832.
2, 139, 811
List the prime factors of 1473501.
3, 491167
List the prime factors of 8364071.
8364071
List the prime factors of 1589296.
2, 17, 5843
List the prime factors of 97718.
2, 48859
What are the prime factors of 34284538?
2, 1171, 14639
What are the prime factors of 3104950?
2, 5, 62099
What are the prime factors of 25963?
7, 3709
What are the prime factors of 384829?
17, 22637
What are the prime factors of 663295?
5, 53, 2503
What are the prime factors of 6353?
6353
What are the prime factors of 567184?
2, 35449
List the prime factors of 295249.
29, 10181
What are the prime factors of 212691?
3, 31, 2287
List the prime factors of 15149863.
15149863
List the prime factors of 1055489.
1055489
List the prime factors of 2607623.
59, 193, 229
What are the prime factors of 3840864?
2, 3, 40009
List the prime factors of 14117918.
2, 2531, 2789
List the prime factors of 523948.
2, 130987
What are the prime factors of 8082924?
2, 3, 53, 71, 179
List the prime factors of 1583059.
83, 19073
What are the prime factors of 29153507?
29153507
List the prime factors of 4378162.
2, 2189081
List the prime factors of 127897.
7, 11, 151
What are the prime factors of 393486?
2, 3, 65581
What are the prime factors of 169276?
2, 101, 419
List the prime factors of 105